{"id":2,"date":"2014-11-26T08:06:02","date_gmt":"2014-11-26T08:06:02","guid":{"rendered":"http:\/\/chillout.apollo13.eu\/?page_id=2"},"modified":"2025-11-24T16:13:55","modified_gmt":"2025-11-24T15:13:55","slug":"home-page","status":"publish","type":"page","link":"https:\/\/www.eichlerwein.at\/cz\/","title":{"rendered":"\u00daVOD"},"content":{"rendered":"<p>[vc_row full_width=&#8221;1&#8243; fill_viewport=&#8221;1&#8243; a13_nava_timestamp=&#8221;01416991149.482&#8243;][vc_column][rev_slider_vc alias=&#8221;home&#8221;][\/vc_column][\/vc_row][vc_row padding=&#8221;80&#8243; full_width=&#8221;1&#8243; a13_nava_timestamp=&#8221;11416991504.6361&#8243;][vc_column][vc_row_inner][vc_column_inner font_color=&#8221;#ffffff&#8221; css=&#8221;.vc_custom_1453112801838{padding-bottom: 60px !important;}&#8221;][vc_column_text]<\/p>\n<h1>v\u00edtejte<\/h1>\n<p>[\/vc_column_text][vc_text_separator title=&#8221;Winzerhof Eichler&#8221; color=&#8221;custom&#8221; el_width=&#8221;50&#8243; title_size=&#8221;h2&#8243; second_font=&#8221;1&#8243; text_color=&#8221;#10642e&#8221; accent_color=&#8221;#10642e&#8221; margin_top=&#8221;25&#8243; css=&#8221;.vc_custom_1457945539106{margin-bottom: 65px !important;}&#8221;][\/vc_column_inner][\/vc_row_inner][vc_row_inner equal_height=&#8221;yes&#8221;][vc_column_inner width=&#8221;2\/3&#8243; offset=&#8221;vc_col-lg-8 vc_col-md-8 vc_col-xs-12&#8243;][vc_column_text css=&#8221;.vc_custom_1540310596387{margin-bottom: 20px !important;}&#8221;]<\/p>\n<h1 style=\"text-align: left;\">Vina\u0159sk\u00e1 oblast Weinviertel<\/h1>\n<p>V\u00edt\u00e1me v\u00e1s na webov\u00fdch str\u00e1nk\u00e1ch rodinn\u00e9ho vina\u0159stv\u00ed Eichler.<\/p>\n<p><u>My jsme,<\/u><\/p>\n<p><span style=\"padding-left: 50px; display: inline-block;\"><strong>Johannes Eichler<\/strong> zodpov\u011bdn\u00fd za vinice, sklep, z\u00e1kaznick\u00fd servis,<\/span><br \/>\n<span style=\"padding-left: 50px; display: inline-block;\">dod\u00e1vky v\u00edn a prezentace<\/span><br \/>\n<span style=\"padding-left: 50px; display: inline-block;\"><strong>Claudia Eichler<\/strong> zodpov\u011bdn\u00e1 za z\u00e1kaznick\u00fd servis, administraci,<\/span><br \/>\n<span style=\"padding-left: 50px; display: inline-block;\">prezentace a rodinn\u00e9 organizace<\/span><\/p>\n<p>Na\u0161e vina\u0159stv\u00ed se nach\u00e1z\u00ed v severov\u00fdchodn\u00ed \u010d\u00e1sti Weinviertel v obci Herrnbaumgarten. Oblast Weinviertel je nejv\u011bt\u0161\u00ed z rakousk\u00fdch vina\u0159sk\u00fdch oblast\u00ed. Malebn\u00e1 krajina se prezentuje m\u00edrn\u011b zvln\u011bn\u00fdmi kopci a idylick\u00fdmi uli\u010dkami s vinn\u00fdmi skl\u00edpky. Vinice jsou na v\u00e1penit\u00fdch p\u016fd\u00e1ch s vysok\u00fdm pod\u00edlem j\u00edlu, ale tak\u00e9 spra\u0161\u00ed, co\u017e prop\u016fj\u010duje zdej\u0161\u00edm v\u00edn\u016fm v\u00fdraznou ovocnou v\u016fni s prvky minerality.[\/vc_column_text][\/vc_column_inner][vc_column_inner width=&#8221;1\/3&#8243; offset=&#8221;vc_col-lg-4 vc_col-md-4 vc_col-xs-12&#8243;][vc_single_image image=&#8221;1644&#8243; img_size=&#8221;full&#8221; style=&#8221;vc_box_border&#8221; border_color=&#8221;white&#8221; onclick=&#8221;link_image&#8221; css=&#8221;.vc_custom_1601307089759{margin-bottom: 20px !important;}&#8221;][\/vc_column_inner][\/vc_row_inner][vc_row_inner][vc_column_inner width=&#8221;1\/3&#8243;][vc_single_image image=&#8221;1587&#8243; img_size=&#8221;full&#8221; style=&#8221;vc_box_border&#8221; border_color=&#8221;white&#8221; onclick=&#8221;link_image&#8221; css=&#8221;.vc_custom_1593182909510{margin-bottom: 20px !important;}&#8221;][\/vc_column_inner][vc_column_inner width=&#8221;2\/3&#8243;][vc_column_text css=&#8221;.vc_custom_1539335579274{margin-bottom: 20px !important;}&#8221;]<\/p>\n<h1 style=\"text-align: left;\">V\u00edno<\/h1>\n<p>Ovlivn\u011bn\u00e9 krajinou, zem\u00ed a panonsk\u00fdm podneb\u00edm se rozv\u00edj\u00ed na\u0161e lahodn\u00e1 v\u00edna. V\u00edna jsou nejvy\u0161\u0161\u00ed mo\u017en\u00e9 kvality a na\u0161e filozofie se skl\u00e1d\u00e1 z toho, p\u0159in\u00e9st v\u0161echno \u201eto DRAH\u00c9\u201c do lahv\u00ed. Stylistika na\u0161ich v\u00edn je p\u0159edev\u0161\u00edm sv\u011b\u017e\u00ed, ovocn\u00e1, such\u00e1. Jednotliv\u00e9 vinice se vyzna\u010duj\u00ed p\u0159\u00edjemnou hustotou a harmoni\u00ed. V\u00edna maj\u00ed typick\u00e9 zemit\u00e9 znaky, kter\u00e9 V\u00e1m p\u0159i pit\u00ed p\u0159inesou spoustu z\u00e1bavy.<\/p>\n<p>Zde klikn\u011bte k <a href=\"https:\/\/www.eichlerwein.at\/weine\/weissweine\/\" target=\"_blank\" rel=\"noopener\">b\u00edl\u00fdm v\u00edn\u016fm<\/a> a zde k <a href=\"https:\/\/www.eichlerwein.at\/weine\/rotweine\/\" target=\"_blank\" rel=\"noopener\">\u010derven\u00fdm v\u00edn\u016fm<\/a>[\/vc_column_text][\/vc_column_inner][\/vc_row_inner][\/vc_column][\/vc_row][vc_row bg_cover=&#8221;1&#8243; parallax=&#8221;1&#8243; padding=&#8221;80&#8243; full_width=&#8221;1&#8243; a13_nava=&#8221;1&#8243; a13_nava_title=&#8221;-1&#8243; a13_nava_timestamp=&#8221;01417505971.3721&#8243; bg_image=&#8221;340&#8243;][vc_column][vc_row_inner][vc_column_inner][vc_text_separator title=&#8221;Eichler Weine haben einen typischen bodenst\u00e4ndigen Charakter, der mit jedem Schluck Freude bereitet.&#8221; color=&#8221;custom&#8221; el_width=&#8221;80&#8243; second_font=&#8221;1&#8243; text_color=&#8221;#ffffff&#8221; accent_color=&#8221;#ffffff&#8221; margin_top=&#8221;25&#8243; css=&#8221;.vc_custom_1474870231794{margin-bottom: 45px !important;}&#8221; el_class=&#8221;font-white home-parallax&#8221;][\/vc_column_inner][\/vc_row_inner][\/vc_column][\/vc_row]<\/p>","protected":false},"excerpt":{"rendered":"<p>[vc_row full_width=&#8221;1&#8243; fill_viewport=&#8221;1&#8243; a13_nava_timestamp=&#8221;01416991149.482&#8243;][vc_column][rev_slider_vc alias=&#8221;home&#8221;][\/vc_column][\/vc_row][vc_row padding=&#8221;80&#8243; full_width=&#8221;1&#8243; a13_nava_timestamp=&#8221;11416991504.6361&#8243;][vc_column][vc_row_inner][vc_column_inner font_color=&#8221;#ffffff&#8221; css=&#8221;.vc_custom_1453112801838{padding-bottom: 60px !important;}&#8221;][vc_column_text] v\u00edtejte [\/vc_column_text][vc_text_separator title=&#8221;Winzerhof Eichler&#8221; color=&#8221;custom&#8221; el_width=&#8221;50&#8243; title_size=&#8221;h2&#8243; second_font=&#8221;1&#8243; text_color=&#8221;#10642e&#8221; accent_color=&#8221;#10642e&#8221; margin_top=&#8221;25&#8243; css=&#8221;.vc_custom_1457945539106{margin-bottom: 65px !important;}&#8221;][\/vc_column_inner][\/vc_row_inner][vc_row_inner equal_height=&#8221;yes&#8221;][vc_column_inner width=&#8221;2\/3&#8243; offset=&#8221;vc_col-lg-8 vc_col-md-8 vc_col-xs-12&#8243;][vc_column_text css=&#8221;.vc_custom_1540310596387{margin-bottom: 20px !important;}&#8221;] Vina\u0159sk\u00e1 oblast Weinviertel V\u00edt\u00e1me v\u00e1s na webov\u00fdch str\u00e1nk\u00e1ch rodinn\u00e9ho vina\u0159stv\u00ed Eichler. My jsme, Johannes Eichler zodpov\u011bdn\u00fd za vinice, sklep, z\u00e1kaznick\u00fd servis,&#8230; <a class=\"more-link\" href=\"https:\/\/www.eichlerwein.at\/cz\/\">Read More&#8230;<\/a><\/p>\n","protected":false},"author":1,"featured_media":0,"parent":0,"menu_order":0,"comment_status":"open","ping_status":"closed","template":"","meta":[],"_links":{"self":[{"href":"https:\/\/www.eichlerwein.at\/cz\/wp-json\/wp\/v2\/pages\/2"}],"collection":[{"href":"https:\/\/www.eichlerwein.at\/cz\/wp-json\/wp\/v2\/pages"}],"about":[{"href":"https:\/\/www.eichlerwein.at\/cz\/wp-json\/wp\/v2\/types\/page"}],"author":[{"embeddable":true,"href":"https:\/\/www.eichlerwein.at\/cz\/wp-json\/wp\/v2\/users\/1"}],"replies":[{"embeddable":true,"href":"https:\/\/www.eichlerwein.at\/cz\/wp-json\/wp\/v2\/comments?post=2"}],"version-history":[{"count":122,"href":"https:\/\/www.eichlerwein.at\/cz\/wp-json\/wp\/v2\/pages\/2\/revisions"}],"predecessor-version":[{"id":2392,"href":"https:\/\/www.eichlerwein.at\/cz\/wp-json\/wp\/v2\/pages\/2\/revisions\/2392"}],"wp:attachment":[{"href":"https:\/\/www.eichlerwein.at\/cz\/wp-json\/wp\/v2\/media?parent=2"}],"curies":[{"name":"wp","href":"https:\/\/api.w.org\/{rel}","templated":true}]}}

ÚVOD

<p>[vc_row full_width=&#8221;1&#8243; fill_viewport=&#8221;1&#8243; a13_nava_timestamp=&#8221;01416991149.482&#8243;][vc_column][rev_slider_vc alias=&#8221;home&#8221;][/vc_column][/vc_row][vc_row padding=&#8221;80&#8243; full_width=&#8221;1&#8243; a13_nava_timestamp=&#8221;11416991504.6361&#8243;][vc_column][vc_row_inner][vc_column_inner font_color=&#8221;#ffffff&#8221; css=&#8221;.vc_custom_1453112801838{padding-bottom: 60px !important;}&#8221;][vc_column_text]</p>
<h1>vítejte</h1>
<p>[/vc_column_text][vc_text_separator title=&#8221;Winzerhof Eichler&#8221; color=&#8221;custom&#8221; el_width=&#8221;50&#8243; title_size=&#8221;h2&#8243; second_font=&#8221;1&#8243; text_color=&#8221;#10642e&#8221; accent_color=&#8221;#10642e&#8221; margin_top=&#8221;25&#8243; css=&#8221;.vc_custom_1457945539106{margin-bottom: 65px !important;}&#8221;][/vc_column_inner][/vc_row_inner][vc_row_inner equal_height=&#8221;yes&#8221;][vc_column_inner width=&#8221;2/3&#8243; offset=&#8221;vc_col-lg-8 vc_col-md-8 vc_col-xs-12&#8243;][vc_column_text css=&#8221;.vc_custom_1540310596387{margin-bottom: 20px !important;}&#8221;]</p>
<h1 style="text-align: left;">Vinařská oblast Weinviertel</h1>
<p>Vítáme vás na webových stránkách rodinného vinařství Eichler.</p>
<p><u>My jsme,</u></p>
<p><span style="padding-left: 50px; display: inline-block;"><strong>Johannes Eichler</strong> zodpovědný za vinice, sklep, zákaznický servis,</span><br />
<span style="padding-left: 50px; display: inline-block;">dodávky vín a prezentace</span><br />
<span style="padding-left: 50px; display: inline-block;"><strong>Claudia Eichler</strong> zodpovědná za zákaznický servis, administraci,</span><br />
<span style="padding-left: 50px; display: inline-block;">prezentace a rodinné organizace</span></p>
<p>Naše vinařství se nachází v severovýchodní části Weinviertel v obci Herrnbaumgarten. Oblast Weinviertel je největší z rakouských vinařských oblastí. Malebná krajina se prezentuje mírně zvlněnými kopci a idylickými uličkami s vinnými sklípky. Vinice jsou na vápenitých půdách s vysokým podílem jílu, ale také spraší, což propůjčuje zdejším vínům výraznou ovocnou vůni s prvky minerality.[/vc_column_text][/vc_column_inner][vc_column_inner width=&#8221;1/3&#8243; offset=&#8221;vc_col-lg-4 vc_col-md-4 vc_col-xs-12&#8243;][vc_single_image image=&#8221;1644&#8243; img_size=&#8221;full&#8221; style=&#8221;vc_box_border&#8221; border_color=&#8221;white&#8221; onclick=&#8221;link_image&#8221; css=&#8221;.vc_custom_1601307089759{margin-bottom: 20px !important;}&#8221;][/vc_column_inner][/vc_row_inner][vc_row_inner][vc_column_inner width=&#8221;1/3&#8243;][vc_single_image image=&#8221;1587&#8243; img_size=&#8221;full&#8221; style=&#8221;vc_box_border&#8221; border_color=&#8221;white&#8221; onclick=&#8221;link_image&#8221; css=&#8221;.vc_custom_1593182909510{margin-bottom: 20px !important;}&#8221;][/vc_column_inner][vc_column_inner width=&#8221;2/3&#8243;][vc_column_text css=&#8221;.vc_custom_1539335579274{margin-bottom: 20px !important;}&#8221;]</p>
<h1 style="text-align: left;">Víno</h1>
<p>Ovlivněné krajinou, zemí a panonským podnebím se rozvíjí naše lahodná vína. Vína jsou nejvyšší možné kvality a naše filozofie se skládá z toho, přinést všechno „to DRAHÉ“ do lahví. Stylistika našich vín je především svěží, ovocná, suchá. Jednotlivé vinice se vyznačují příjemnou hustotou a harmonií. Vína mají typické zemité znaky, které Vám při pití přinesou spoustu zábavy.</p>
<p>Zde klikněte k <a href="https://www.eichlerwein.at/weine/weissweine/" target="_blank" rel="noopener">bílým vínům</a> a zde k <a href="https://www.eichlerwein.at/weine/rotweine/" target="_blank" rel="noopener">červeným vínům</a>[/vc_column_text][/vc_column_inner][/vc_row_inner][/vc_column][/vc_row][vc_row bg_cover=&#8221;1&#8243; parallax=&#8221;1&#8243; padding=&#8221;80&#8243; full_width=&#8221;1&#8243; a13_nava=&#8221;1&#8243; a13_nava_title=&#8221;-1&#8243; a13_nava_timestamp=&#8221;01417505971.3721&#8243; bg_image=&#8221;340&#8243;][vc_column][vc_row_inner][vc_column_inner][vc_text_separator title=&#8221;Eichler Weine haben einen typischen bodenständigen Charakter, der mit jedem Schluck Freude bereitet.&#8221; color=&#8221;custom&#8221; el_width=&#8221;80&#8243; second_font=&#8221;1&#8243; text_color=&#8221;#ffffff&#8221; accent_color=&#8221;#ffffff&#8221; margin_top=&#8221;25&#8243; css=&#8221;.vc_custom_1474870231794{margin-bottom: 45px !important;}&#8221; el_class=&#8221;font-white home-parallax&#8221;][/vc_column_inner][/vc_row_inner][/vc_column][/vc_row]</p>

<p>[vc_row full_width=&#8221;1&#8243; fill_viewport=&#8221;1&#8243; a13_nava_timestamp=&#8221;01416991149.482&#8243;][vc_column][rev_slider_vc alias=&#8221;home&#8221;][/vc_column][/vc_row][vc_row padding=&#8221;80&#8243; full_width=&#8221;1&#8243; a13_nava_timestamp=&#8221;11416991504.6361&#8243;][vc_column][vc_row_inner][vc_column_inner font_color=&#8221;#ffffff&#8221; css=&#8221;.vc_custom_1453112801838{padding-bottom: 60px !important;}&#8221;][vc_column_text] vítejte [/vc_column_text][vc_text_separator title=&#8221;Winzerhof Eichler&#8221; color=&#8221;custom&#8221; el_width=&#8221;50&#8243; title_size=&#8221;h2&#8243; second_font=&#8221;1&#8243; text_color=&#8221;#10642e&#8221; accent_color=&#8221;#10642e&#8221; margin_top=&#8221;25&#8243; css=&#8221;.vc_custom_1457945539106{margin-bottom: 65px !important;}&#8221;][/vc_column_inner][/vc_row_inner][vc_row_inner equal_height=&#8221;yes&#8221;][vc_column_inner width=&#8221;2/3&#8243; offset=&#8221;vc_col-lg-8 vc_col-md-8 vc_col-xs-12&#8243;][vc_column_text css=&#8221;.vc_custom_1540310596387{margin-bottom: 20px !important;}&#8221;] Vinařská oblast Weinviertel Vítáme vás na webových stránkách rodinného vinařství Eichler. My jsme, Johannes Eichler zodpovědný za vinice, sklep, zákaznický servis,&#8230; <a class="more-link" href="https://www.eichlerwein.at/cz/">Read More&#8230;</a></p>
